{"id":287,"date":"2016-12-09T16:59:33","date_gmt":"2016-12-09T16:59:33","guid":{"rendered":"http:\/\/automovelclube.org.br\/2017\/?page_id=287"},"modified":"2017-07-25T18:03:29","modified_gmt":"2017-07-25T18:03:29","slug":"portoes-automaticos","status":"publish","type":"page","link":"https:\/\/automovelclube.org.br\/2017\/index.php\/portoes-automaticos\/","title":{"rendered":"Port\u00f5es Autom\u00e1ticos"},"content":{"rendered":"<p><strong>Nickey Tecc Port\u00f5es Autom\u00e1ticos<\/strong><br \/>\nAv \u00c1guia de Haia, 3962 &#8211; V Soraia &#8211; S\u00e3o Paulo &#8211; SP<br \/>\n(11)3498-3983 \/\u00a0(11)96332-8578 \/ (11) 99518-2506 &#8211; Sr.Wilson<\/p>\n<p><a href=\"http:\/\/www.nikkeytec.com.br\">\u00a0www.nikkeytec.com.br<\/a><\/p>\n<p><span style=\"color: #ff0000;\">Descontos especiais a vista\u00a0<\/span><\/p>\n<hr \/>\n<p><img data-recalc-dims=\"1\" loading=\"lazy\" decoding=\"async\" class=\"alignnone wp-image-288 size-full\" src=\"https:\/\/i0.wp.com\/automovelclube.org.br\/2017\/wp-content\/uploads\/2016\/12\/derralheria-yt.jpg?resize=443%2C184\" alt=\"serralheria-y&amp;t\" width=\"443\" height=\"184\" srcset=\"https:\/\/i0.wp.com\/automovelclube.org.br\/2017\/wp-content\/uploads\/2016\/12\/derralheria-yt.jpg?w=443&amp;ssl=1 443w, https:\/\/i0.wp.com\/automovelclube.org.br\/2017\/wp-content\/uploads\/2016\/12\/derralheria-yt.jpg?resize=300%2C125&amp;ssl=1 300w\" sizes=\"auto, (max-width: 443px) 100vw, 443px\" \/><\/p>\n<p>Av. Vila Ema, 582 \u00a0prox. Av Salim Farah Maluf &#8211; Vila Prudente<\/p>\n<p>Or\u00e7amento gratuito por telefone.<\/p>\n<p><span style=\"color: #ff0000;\">Desconto de 5% para pagamento a vista<\/span><\/p>\n<hr \/>\n<p>&nbsp;<\/p>\n","protected":false},"excerpt":{"rendered":"<p>Nickey Tecc Port\u00f5es Autom\u00e1ticos Av \u00c1guia de Haia, 3962 &#8211; V Soraia &#8211; S\u00e3o Paulo &#8211; SP (11)3498-3983 \/\u00a0(11)96332-8578 \/ (11) 99518-2506 &#8211; Sr.Wilson \u00a0www.nikkeytec.com.br Descontos especiais a vista\u00a0 Av. Vila Ema, 582 \u00a0prox. Av Salim Farah Maluf &#8211; Vila Prudente Or\u00e7amento gratuito por telefone. Desconto de 5% para pagamento a vista &nbsp;<\/p>\n","protected":false},"author":1,"featured_media":0,"parent":0,"menu_order":0,"comment_status":"closed","ping_status":"closed","template":"","meta":{"nf_dc_page":"","om_disable_all_campaigns":false,"footnotes":""},"class_list":["post-287","page","type-page","status-publish","hentry"],"jetpack_sharing_enabled":true,"_links":{"self":[{"href":"https:\/\/automovelclube.org.br\/2017\/index.php\/wp-json\/wp\/v2\/pages\/287","targetHints":{"allow":["GET"]}}],"collection":[{"href":"https:\/\/automovelclube.org.br\/2017\/index.php\/wp-json\/wp\/v2\/pages"}],"about":[{"href":"https:\/\/automovelclube.org.br\/2017\/index.php\/wp-json\/wp\/v2\/types\/page"}],"author":[{"embeddable":true,"href":"https:\/\/automovelclube.org.br\/2017\/index.php\/wp-json\/wp\/v2\/users\/1"}],"replies":[{"embeddable":true,"href":"https:\/\/automovelclube.org.br\/2017\/index.php\/wp-json\/wp\/v2\/comments?post=287"}],"version-history":[{"count":4,"href":"https:\/\/automovelclube.org.br\/2017\/index.php\/wp-json\/wp\/v2\/pages\/287\/revisions"}],"predecessor-version":[{"id":394,"href":"https:\/\/automovelclube.org.br\/2017\/index.php\/wp-json\/wp\/v2\/pages\/287\/revisions\/394"}],"wp:attachment":[{"href":"https:\/\/automovelclube.org.br\/2017\/index.php\/wp-json\/wp\/v2\/media?parent=287"}],"curies":[{"name":"wp","href":"https:\/\/api.w.org\/{rel}","templated":true}]}}