{"id":283,"date":"2016-12-09T16:55:53","date_gmt":"2016-12-09T16:55:53","guid":{"rendered":"http:\/\/automovelclube.org.br\/2017\/?page_id=283"},"modified":"2017-02-14T12:32:00","modified_gmt":"2017-02-14T12:32:00","slug":"mercado-artistico","status":"publish","type":"page","link":"https:\/\/automovelclube.org.br\/2017\/index.php\/mercado-artistico\/","title":{"rendered":"Mercado Art\u00edstico"},"content":{"rendered":"<p><strong>MAB Mercado Art\u00edstico Brasil<\/strong><\/p>\n<p>Escritorio &#8211; R. Carlos Puebla, 42 &#8211; Itaquera &#8211; S\u00e3o Paulo &#8211; SP<\/p>\n<p>F: 99670-6423<\/p>\n<p>Comercial &#8211; R. Otacilio Camara Silveira, 116 &#8211; Ipiranga &#8211; S\u00e3o Paulo &#8211; SP<\/p>\n<p>F: 3042-1930<\/p>\n<p>E-mail: <a href=\"mailto:mab@mercadoartistico.com.br\">mab@mercadoartistico.com.br<\/a><\/p>\n<p><span style=\"color: #ff0000;\">Curso de fotografia de R$ 230,00 por R$ 85,00<\/span><\/p>\n<hr \/>\n<p><img data-recalc-dims=\"1\" loading=\"lazy\" decoding=\"async\" class=\"alignnone wp-image-284 size-full\" src=\"https:\/\/i0.wp.com\/automovelclube.org.br\/2017\/wp-content\/uploads\/2016\/12\/raylu-tatoo-e-piercing.jpg?resize=196%2C350\" alt=\"raylu-tatoo-e-piercing\" width=\"196\" height=\"350\" srcset=\"https:\/\/i0.wp.com\/automovelclube.org.br\/2017\/wp-content\/uploads\/2016\/12\/raylu-tatoo-e-piercing.jpg?w=196&amp;ssl=1 196w, https:\/\/i0.wp.com\/automovelclube.org.br\/2017\/wp-content\/uploads\/2016\/12\/raylu-tatoo-e-piercing.jpg?resize=168%2C300&amp;ssl=1 168w\" sizes=\"auto, (max-width: 196px) 100vw, 196px\" \/><\/p>\n<p><strong>RAYLU TATOOS E PIERCING<\/strong><\/p>\n<p>Av. Nossa Senhora dos Navegantes, 654 &#8211; Sala 04 &#8211; Eldorado &#8211; Diadema &#8211; S.P.<\/p>\n<p>Contatos: (11) 97465-2199 \u00a0&#8211; WathsApp \/ (11) 94600-7983 \/ (\u00a011) 5560-0865<\/p>\n<p>E-Mail: <a href=\"mailto:rylutatoo@gmail.com\">rylutatoo@gmail.com<\/a><\/p>\n<p><span style=\"color: #ff0000;\">Desconto de 20% na realiza\u00e7\u00e3o de tatuagem<\/span><\/p>\n<hr \/>\n<p><img data-recalc-dims=\"1\" loading=\"lazy\" decoding=\"async\" class=\"wp-image-334 alignleft\" src=\"https:\/\/i0.wp.com\/automovelclube.org.br\/2017\/wp-content\/uploads\/2016\/12\/ludepil.jpg?resize=199%2C377\" alt=\"\" width=\"199\" height=\"377\" \/><\/p>\n<p>&nbsp;<\/p>\n<p>&nbsp;<\/p>\n<p>&nbsp;<\/p>\n<p>&nbsp;<\/p>\n<p>&nbsp;<\/p>\n<p>&nbsp;<\/p>\n<p>&nbsp;<\/p>\n<p>&nbsp;<\/p>\n<p>&nbsp;<\/p>\n<p><span style=\"color: #ff0000;\">Descontos de 5% a 10%\u00a0<\/span><\/p>\n<hr \/>\n<p>&nbsp;<\/p>\n","protected":false},"excerpt":{"rendered":"<p>MAB Mercado Art\u00edstico Brasil Escritorio &#8211; R. Carlos Puebla, 42 &#8211; Itaquera &#8211; S\u00e3o Paulo &#8211; SP F: 99670-6423 Comercial &#8211; R. Otacilio Camara Silveira, 116 &#8211; Ipiranga &#8211; S\u00e3o Paulo &#8211; SP F: 3042-1930 E-mail: mab@mercadoartistico.com.br Curso de fotografia de R$ 230,00 por R$ 85,00 RAYLU TATOOS E PIERCING Av. Nossa Senhora dos Navegantes, [&hellip;]<\/p>\n","protected":false},"author":1,"featured_media":0,"parent":0,"menu_order":0,"comment_status":"closed","ping_status":"closed","template":"","meta":{"nf_dc_page":"","om_disable_all_campaigns":false,"footnotes":""},"class_list":["post-283","page","type-page","status-publish","hentry"],"jetpack_sharing_enabled":true,"_links":{"self":[{"href":"https:\/\/automovelclube.org.br\/2017\/index.php\/wp-json\/wp\/v2\/pages\/283","targetHints":{"allow":["GET"]}}],"collection":[{"href":"https:\/\/automovelclube.org.br\/2017\/index.php\/wp-json\/wp\/v2\/pages"}],"about":[{"href":"https:\/\/automovelclube.org.br\/2017\/index.php\/wp-json\/wp\/v2\/types\/page"}],"author":[{"embeddable":true,"href":"https:\/\/automovelclube.org.br\/2017\/index.php\/wp-json\/wp\/v2\/users\/1"}],"replies":[{"embeddable":true,"href":"https:\/\/automovelclube.org.br\/2017\/index.php\/wp-json\/wp\/v2\/comments?post=283"}],"version-history":[{"count":3,"href":"https:\/\/automovelclube.org.br\/2017\/index.php\/wp-json\/wp\/v2\/pages\/283\/revisions"}],"predecessor-version":[{"id":348,"href":"https:\/\/automovelclube.org.br\/2017\/index.php\/wp-json\/wp\/v2\/pages\/283\/revisions\/348"}],"wp:attachment":[{"href":"https:\/\/automovelclube.org.br\/2017\/index.php\/wp-json\/wp\/v2\/media?parent=283"}],"curies":[{"name":"wp","href":"https:\/\/api.w.org\/{rel}","templated":true}]}}

Mercado Artístico

<p><strong>MAB Mercado Artístico Brasil</strong></p>
<p>Escritorio &#8211; R. Carlos Puebla, 42 &#8211; Itaquera &#8211; São Paulo &#8211; SP</p>
<p>F: 99670-6423</p>
<p>Comercial &#8211; R. Otacilio Camara Silveira, 116 &#8211; Ipiranga &#8211; São Paulo &#8211; SP</p>
<p>F: 3042-1930</p>
<p>E-mail: <a href="mailto:mab@mercadoartistico.com.br">mab@mercadoartistico.com.br</a></p>
<p><span style="color: #ff0000;">Curso de fotografia de R$ 230,00 por R$ 85,00</span></p>
<hr />
<p><img data-recalc-dims="1" loading="lazy" decoding="async" class="alignnone wp-image-284 size-full" src="https://i0.wp.com/automovelclube.org.br/2017/wp-content/uploads/2016/12/raylu-tatoo-e-piercing.jpg?resize=196%2C350" alt="raylu-tatoo-e-piercing" width="196" height="350" srcset="https://i0.wp.com/automovelclube.org.br/2017/wp-content/uploads/2016/12/raylu-tatoo-e-piercing.jpg?w=196&amp;ssl=1 196w, https://i0.wp.com/automovelclube.org.br/2017/wp-content/uploads/2016/12/raylu-tatoo-e-piercing.jpg?resize=168%2C300&amp;ssl=1 168w" sizes="auto, (max-width: 196px) 100vw, 196px" /></p>
<p><strong>RAYLU TATOOS E PIERCING</strong></p>
<p>Av. Nossa Senhora dos Navegantes, 654 &#8211; Sala 04 &#8211; Eldorado &#8211; Diadema &#8211; S.P.</p>
<p>Contatos: (11) 97465-2199  &#8211; WathsApp / (11) 94600-7983 / ( 11) 5560-0865</p>
<p>E-Mail: <a href="mailto:rylutatoo@gmail.com">rylutatoo@gmail.com</a></p>
<p><span style="color: #ff0000;">Desconto de 20% na realização de tatuagem</span></p>
<hr />
<p><img data-recalc-dims="1" loading="lazy" decoding="async" class="wp-image-334 alignleft" src="https://i0.wp.com/automovelclube.org.br/2017/wp-content/uploads/2016/12/ludepil.jpg?resize=199%2C377" alt="" width="199" height="377" /></p>
<p>&nbsp;</p>
<p>&nbsp;</p>
<p>&nbsp;</p>
<p>&nbsp;</p>
<p>&nbsp;</p>
<p>&nbsp;</p>
<p>&nbsp;</p>
<p>&nbsp;</p>
<p>&nbsp;</p>
<p><span style="color: #ff0000;">Descontos de 5% a 10% </span></p>
<hr />
<p>&nbsp;</p>

<p>MAB Mercado Artístico Brasil Escritorio &#8211; R. Carlos Puebla, 42 &#8211; Itaquera &#8211; São Paulo &#8211; SP F: 99670-6423 Comercial &#8211; R. Otacilio Camara Silveira, 116 &#8211; Ipiranga &#8211; São Paulo &#8211; SP F: 3042-1930 E-mail: mab@mercadoartistico.com.br Curso de fotografia de R$ 230,00 por R$ 85,00 RAYLU TATOOS E PIERCING Av. Nossa Senhora dos Navegantes, [&hellip;]</p>
